(s) = 7*s**2 - 33*s + 49. Give k(9).
319
Let y(q) = 2*q**3 - 28*q**2 + 14*q - 11. Calculate y(13).
-167
Let a(l) = l**3 - l**2 - 20*l - 17. Calculate a(9).
451
Let d(c) = c**2 + 84*c + 243. Calculate d(-3).
0
Let n(x) = -323*x - 1292. What is n(-4)?
0
Let p(q) = 2*q**2 + 46*q - 12. Determine p(-23).
-12
Let s(g) = g**3 - 5*g**2 - 11*g + 7. Calculate s(7).
28
Let w(n) = -2*n**3 - 45*n**2 - 25*n - 88. What is w(-22)?
-22
Let h(r) = -2*r**3 + 10*r**2 - 18*r - 9. Give h(6).
-189
Let l(j) = -41*j + 246. Give l(6).
0
Let n(q) = -16*q - 51. Determine n(-2).
-19
Let x(z) = 5*z**2 - z - 3675. Determine x(27).
-57
Let q(p) = -p**2 - 243*p - 5257. Give q(-24).
-1
Let x(p) = 3*p**2 - 63*p + 30. What is x(15)?
-240
Let v(m) = 2*m**2 - 92*m - 77. Give v(47).
17
Let k(d) = -24*d + 3516. Give k(147).
-12
Let n(l) = -393*l - 2284. Give n(-5).
-319
Let o(c) = -32*c - 116. Calculate o(-8).
140
Let p(b) = -b**3 + b**2 + 17*b - 4. What is p(7)?
-179
Let q(t) = -2*t**3 + 258*t**2 + 276*t - 2088. Determine q(130).
-8
Let v(j) = -j**3 + 52*j**2 + 113*j + 4. Give v(-2).
-6
Let g(f) = -6544*f + 6536. Determine g(1).
-8
Let v(x) = 36*x + 360. What is v(-20)?
-360
Let j(x) = x**2 - 22*x - 50. Determine j(0).
-50
Let k(t) = 172*t**2 + 17*t + 16. Calculate k(-1).
171
Let f(b) = b**3 + 9*b**2 - 481*b - 115. Determine f(18).
-25
Let w(p) = -p**2 + 177*p - 1790. Give w(11).
36
Let d(u) = -1838*u + 22048. Calculate d(12).
-8
Let s(y) = -y**2 + 7*y + 35. Determine s(14).
-63
Let l(o) = -5*o + 178. What is l(36)?
-2
Let x(g) = g**3 - 2*g**2 - 3*g - 176. Calculate x(0).
-176
Let p(k) = -99*k - 64. Calculate p(-2).
134
Let s(k) = -k - 16. What is s(36)?
-52
Let r(n) = 201*n - 2984. Calculate r(15).
31
Let n(p) = -p**3 + p**2 + 66*p + 159. Calculate n(-3).
-3
Let y(h) = h**2 + 30*h + 125. Give y(-28).
69
Let i(l) = -3*l**2 - 36*l - 56. Determine i(-7).
49
Let w(k) = 2*k**3 - 274*k**2 + 6*k - 826. Calculate w(137).
-4
Let o(v) = -v**3 + 6*v**2 - 26*v + 112. Calculate o(6).
-44
Let j(l) = -2*l**3 - 329*l**2 + 109*l + 44772. Calculate j(-164).
0
Let f(d) = -238*d + 1556. Give f(8).
-348
Let j(w) = 2*w**3 - 54*w**2 - 57*w + 27. Determine j(28).
-1
Let o(u) = 22*u + 178. Determine o(-13).
-108
Let c(s) = -6*s**3 - 268*s**2 + 89*s + 2. Calculate c(-45).
47
Let c(i) = 9*i**2 + 466*i + 371. Give c(-51).
14
Let x(k) = k**3 + 13*k**2 + 40*k + 104. Calculate x(-12).
-232
Let g(i) = 9*i**3 + 7*i**2 + 4*i - 1. Calculate g(-1).
-7
Let r(x) = -x**2 + 62*x + 3516. Calculate r(-36).
-12
Let g(n) = n**3 - 42*n**2 + 120*n - 65. Determine g(39).
52
Let x(r) = -842*r - 3367. Calculate x(-4).
1
Let w(k) = k**3 - 65*k**2 - 4*k + 227. Give w(65).
-33
Let z(g) = -g**2 - 51*g + 331. Determine z(-56).
51
Let n(r) = -2*r**2 + 101*r + 31110. Calculate n(-102).
0
Let s(v) = -572*v - 49760. Determine s(-87).
4
Let u(o) = -2*o**2 - 234*o + 3086. What is u(12)?
-10
Let f(w) = 146*w - 437. Determine f(3).
1
Let k(z) = -36*z**2 - 109*z - 5. Calculate k(-3).
-2
Let a(t) = -10*t**2 + 28*t - 7. Determine a(6).
-199
Let m(u) = -22*u**3 + 5*u**2 + 4*u - 8. Give m(1).
-21
Let b(o) = 2*o**3 - 17*o**2 + 10*o + 10. Determine b(6).
-110
Let x(t) = -t**3 - 12*t**2 + 221*t - 22. Give x(10).
-12
Let a(v) = 86*v + 1806. Determine a(-18).
258
Let n(j) = -2*j**3 + 6*j**2 - 4*j + 13. Determine n(4).
-35
Let g(x) = 392*x - 392. What is g(1)?
0
Let l(t) = 68*t - 1285. Determine l(19).
7
Let z(g) = -156*g - 1233. Calculate z(-8).
15
Let b(j) = 2*j**3 - 22*j**2 - 53*j + 2. Calculate b(13).
-11
Let n(k) = -3*k**2 - 114*k - 414. Give n(-34).
-6
Let t(w) = -w**3 - 20*w**2 - 63*w + 29. What is t(-4)?
25
Let q(a) = -25*a - 411. Determine q(-16).
-11
Let s(m) = -53*m + 190. Give s(4).
-22
Let w(d) = -d**3 - 92*d**2 + 7*d + 675. Calculate w(-92).
31
Let n(b) = 1195*b - 16740. Give n(14).
-10
Let v(r) = -8*r**2 - 132*r + 14. What is v(-17)?
-54
Let i(g) = 2*g**2 + 156*g + 890. Determine i(-6).
26
Let x(h) = h**3 + 8*h**2 - 13*h - 108. Calculate x(-6).
42
Let q(m) = 6*m**2 + 6*m + 25. Determine q(4).
145
Let b(f) = -7*f + 684. Determine b(98).
-2
Let k(x) = 8*x**3 - 127*x**2 - 15*x - 10. Determine k(16).
6
Let u(s) = 2*s**3 - 64*s**2 + 119*s + 27. What is u(30)?
-3
Let c(o) = -3*o**2 - 130*o + 1033. Calculate c(-50).
33
Let o(n) = -2025*n + 12158. Give o(6).
8
Let o(q) = -2*q**2 + 5*q + 236. Determine o(-13).
-167
Let v(m) = -m**3 - 62*m**2 + 233*m + 6714. Calculate v(-64).
-6
Let g(h) = -7*h**2 - h - 27. Determine g(-4).
-135
Let m(o) = 5*o**3 - 26*o**2 + 20*o - 75. Calculate m(5).
0
Let b(r) = r**3 - 47*r**2 - 147*r - 95. What is b(50)?
55
Let c(z) = z**3 + 7*z**2 - 22*z - 131. Calculate c(-8).
-19
Let o(u) = 26*u - 752. Give o(31).
54
Let p(q) = -q**2 + 449*q + 2734. Give p(-6).
4
Let u(r) = -9*r**2 + 106*r - 43. Determine u(12).
-67
Let t(m) = -57*m + 120. Give t(4).
-108
Let n(a) = 1728*a - 10365. What is n(6)?
3
Let d(g) = 65*g + 18. Give d(2).
148
Let i(p) = -3*p**2 - 14*p + 265. Determine i(10).
-175
Let u(r) = -124*r - 941. Determine u(-7).
-73
Let x(i) = -i**3 - 173*i**2 + 892*i - 7. What is x(5)?
3
Let i(f) = 5*f**2 + 13*f + 170. Calculate i(-9).
458
Let x(l) = -24*l**2 - 114*l + 20. Give x(-5).
-10
Let h(v) = -60*v**2 - 1138*v + 29. Determine h(-19).
-9
Let o(h) = -h**2 + 46*h + 157. Determine o(52).
-155
Let f(q) = -64*q**2 - 14*q - 17. What is f(-1)?
-67
Let y(d) = -4*d**3 - 25*d**2 - 6*d - 2. What is y(-3)?
-101
Let c(t) = -16*t**3 - 111*t**2 + 5*t - 31. Determine c(-7).
-17
Let v(d) = -69*d - 133. Determine v(-4).
143
Let k(d) = d**2 - 2*d - 210. What is k(21)?
189
Let r(n) = -2*n**3 + 22*n**2 + 23*n - 469. What is r(11)?
-216
Let j(v) = v**2 + 53*v - 193. What is j(-54)?
-139
Let f(a) = 2*a**3 + 38*a**2 - 35*a + 90. Give f(-20).
-10
Let o(v) = 423*v + 4213. Give o(-10).
-17
Let a(l) = l**2 - 29*l + 35. Calculate a(12).
-169
Let n(l) = -l**3 - 10*l**2 + 97*l + 959. Determine n(-9).
5
Let z(s) = -559*s + 3352. Give z(6).
-2
Let q(w) = w**3 + 22*w**2 + 8*w - 684. What is q(-20)?
-44
Let z(k) = -563*k + 41098. Calculate z(73).
-1
Let l(w) = -w**3 - 17*w**2 - 2*w - 21. Calculate l(-17).
13
Let b(w) = 205*w**2 - 417*w + 3. Calculate b(2).
-11
Let q(a) = a**2 + 5*a - 149. Give q(-15).
1
Let g(t) = 55*t - 608. Give g(11).
-3
Let c(r) = 6*r + 34. What is c(6)?
70
Let w(q) = -22*q - 291. Determine w(-11).
-49
Let n(v) = 3*v**2 + 38*v - 19. Calculate n(-16).
141
Let n(u) = 35*u**2 - 27*u - 27. Determine n(-1).
35
Let p(s) = s**2 - 9*s - 261. Determine p(-12).
-9
Let f(g) = -g**2 - 40*g - 321. Calculate f(-14).
43
Let i(p) = 16*p + 245. Calculate i(-15).
5
Let m(f) = -46*f**2 - 282*f - 18. Calculate m(-6).
18
Let u(c) = -111*c + 536. Give u(5).
-19
Let n(x) = 15*x - 276. Calculate n(21).
39
Let r(k) = -122*k + 107. Calculate r(0).
107
Let m(g) = -53*g - 63. Calculate m(2).
-169
Let s(v) = v**2 + 21*v - 69. Give s(3).
3
Let o(x) = -6*x**3 - 197*x**2 + 28*x - 182. Determine o(-33).
-17
Let a(m) = -1060*m - 4236. Calculate a(-4).
4
Let a(h) = h**3 + 11*h**2 + h + 84. Give a(-12).
-72
Let c(a) = -a**3 - 12*a**2 + 37*a - 18. What is c(2)?
0
Let a(q) = -q**3 + 4*q**2 + 23*q - 29. Calculate a(8).
-101
Let w(y) = -27*y - 229. Give w(-23).
392
Let p(c) = 89*c - 92. Give p(7).
531
Let w(x) = x**2 - 86*x + 188. What is w(82)?
-140
Let q(z) = -z**3 - 18*z**2 + 5*z - 35. Calculate q(-19).
231
Let m(t) = 100*t + 1899. What is m(-19)?
-1
Let g(c) = -c**2 - 23*c - 28. Calculate g(-20).
32
Let l(c) = -3*c**3 + 5*c**2 + 18*c - 34. Calculate l(2).
-2
Let p(g) = g**2 + 174*g + 6532. Give p(-54).
52
Let u(h) = h**2 - 46*h + 458. Determine u(31).
-7
Let d(q) = -300*q - 1196. Determine d(-4).
4
Let j(n) = -7*n**2 - 152*n - 705. Give j(-15).
0
Let k(y) = -y**2 + 42*y + 376. Calculate k(-9).
-83
Let x(y) = -81*y - 96. Determine x(-1).
-15
Let d(g) = -8*g + 7. Determine d(-13).
111
Let y(p) = -p**2 - 20*p + 4373. Give y(-77).
-16
Let o(k) = k**3 + 10*k**2 + 19*k + 95. What is o(-7)?
109
Let j(z) = -z**3 - 9*z**2 + z + 56. Determine j(-8).
-16
Let a(h) = -7*h**2 + 779*h + 780. What is a(-1)?
-6
Let k(i) = -i**2 + 49*i - 255. Determine k(10).
135
Let a(b) = b**3 - 45*b**2 + 30*b + 619. Calculate a(44).
3
Let r(a) = a**3 + 9*a**2 + 11*a - 7. Calculate r(-8).
-31
Let x(p) = 56*p + 7. Give x(-1).
-49
Let o(d) = 125*d + 1399. Calculate o(-11).
24
Let b(s) = -s**3 - 1